?
8
Let p be (3 + -5 - -3)*6. Let m = 1 + p. Calculate the greatest common factor of m and 1.
1
Let s(t) = 14*t - 6 - 13*t + 2 + t**2. Let i be s(-3). Suppose -i*l = l, 4*l = 2*d - 34. Calculate the highest common divisor of d and 17.
17
Let d be 33 - 4*(-6)/(-24). Calculate the greatest common factor of 4 and d.
4
Suppose 0 = -9*g + 3*g + 18. Calculate the highest common factor of g and 3.
3
Let r be 408/10 + (-64)/80. What is the highest common factor of 5 and r?
5
Suppose -429 = -2*a + 5*z, -5*a + 1044 = -5*z + 2*z. Calculate the highest common divisor of a and 23.
23
Let a(t) be the first derivative of -5*t**4/4 + t**2 + t + 3. Let n = -1 + 0. Let v be a(n). What is the greatest common divisor of v and 2?
2
Let f(x) = 6*x**2 + 5*x + 4. Let u be f(-3). What is the highest common factor of u and 86?
43
Let r = 126 + -85. Let p = -19 + r. Calculate the greatest common factor of 55 and p.
11
Suppose -4*q = 2*y - 474, 0*y - 12 = 4*y. What is the highest common divisor of 15 and q?
15
Let j be (-16)/88 - (-145)/11. Let x(d) = d**3 - 4*d**2 - 3*d + 3. Let p be x(5). What is the highest common factor of j and p?
13
Suppose 7*c = 5*c + l + 180, 5*l = 0. Calculate the highest common divisor of c and 20.
10
Suppose -7*y + 397 = -359. What is the greatest common divisor of 12 and y?
12
Let d be (-8)/(-10)*10/4. Let q be (40/15)/(d/36). What is the highest common divisor of q and 6?
6
Let q be (-1)/3 - 1488/(-9). Let p(j) = -j - 3. Let v be p(-5). Suppose -2*t + v*g = -36, 3*g + 3 = -2*t + 24. What is the highest common factor of t and q?
15
Let d(s) = 6*s**2 - 23*s - 5. Let x be d(11). Calculate the highest common factor of x and 52.
52
Let y be -1 - 1 - (-3)/1. Let i = 2 + y. Let r = -13 + 22. Calculate the greatest common factor of r and i.
3
Suppose 2 + 8 = 5*p. Suppose k = -p*l + 18, -2*k - 3*k = 3*l - 83. Let o(g) = 2*g**2 - 5*g + 13. Let q be o(3). Calculate the highest common divisor of q and k.
16
Let w be (2/2)/(1/2). Suppose 6*f - 16 = w*f. Let r be f*(17/4 + 1). Calculate the highest common factor of r and 7.
7
Suppose 2*a + 3*a = -3*z + 99, -3*a - 131 = -5*z. What is the greatest common divisor of 14 and z?
14
Let m be 1*(-6)/(5 + -3). Let x(b) = 2*b - 15. Let s(l) = -l + 7. Let a(y) = 9*s(y) + 4*x(y). Let d be a(m). Calculate the highest common factor of 15 and d.
3
Suppose -2*y + 4 = 2*j, 3*y - 2 = -2*j - 0*y. Suppose 5*n - j*d = 174, 3*n = 5*d + 97 + 10. Calculate the highest common divisor of n and 17.
17
Let b(d) = -7*d. Let w be b(-16). What is the greatest common divisor of w and 28?
28
Let x(y) = -y**2 + 4*y + 12. Suppose 0 = -o + 6*o - 25. Let k be x(o). What is the greatest common factor of 21 and k?
7
Let m be (7 - 5)*62/4. Suppose m = 2*p + 11. What is the highest common factor of p and 25?
5
Let w = 3 - 0. Suppose i = -3*x + 58, i + x = w*x + 78. Let p be ((-8)/6)/((-6)/63). What is the highest common factor of i and p?
14
Suppose 7*d - 570 = 4*d - i, -2*i + 384 = 2*d. Calculate the greatest common divisor of 27 and d.
27
Let q = 3 - 3. Let o be 1 + (2 - 1) + q. Let p be o*61/2 + -1. What is the greatest common factor of 12 and p?
12
Suppose -4*s = -17*s + 1430. Calculate the greatest common divisor of 11 and s.
11
Let a(f) = -f**3 + 15*f**2 - 16*f - 18. Let x be a(13). Calculate the highest common factor of 14 and x.
14
Suppose 3*m - 32 - 58 = 0. Suppose 2*b - m = -3*b. Suppose p + b = 4*p. What is the highest common divisor of 2 and p?
2
Let p = -18 - -46. What is the highest common divisor of p and 42?
14
Let r(x) = 5*x**2 - 2*x. Let y be r(-6). Calculate the greatest common divisor of 24 and y.
24
Let u(o) = o + 11. Let m be u(-9). Let n be (1 + (-13)/(-2))*m. Calculate the highest common divisor of n and 60.
15
Suppose 0 = z + 4*y - 294, -2*y = 5*z + y - 1436. What is the highest common divisor of z and 26?
26
Suppose 2*v - 36 = -v. Let w be (-4)/(-6)*6/(-4). Let b be ((-3)/(-2))/(w/(-2)). Calculate the highest common factor of b and v.
3
Let m(w) = -w**2 + 8*w + 13. Let j be m(9). Suppose -j = -5*f + 1. What is the highest common factor of 9 and f?
1
Let l be 1*224*(-6)/(-8). Let d be l/27 + 4/(-18). What is the greatest common factor of 42 and d?
6
Let i be (44/5)/((-3)/15). Let o = i + 74. Calculate the highest common divisor of o and 15.
15
Let v(a) = -a**2 - 5*a + 3. Let q be v(-5). Suppose -q*d = d - 28. Suppose -2*s - 55 = -d*s. What is the greatest common factor of s and 33?
11
Suppose 5*z - 28 = z. Let d(p) = 7*p - 1. Let i be d(z). Suppose 0 = j + j - i. What is the highest common divisor of j and 6?
6
Let x(c) = 4*c**3 + 10*c**2 + 3*c + 7. Let o(y) = -y**3 - y - 1. Let m(b) = 3*o(b) + x(b). Let r be m(-10). What is the greatest common factor of 2 and r?
2
Let m(k) = k**2 - 5*k + 2. Let r be m(4). Let j be (-3 + 5)/(r/(-65)). Let z be 66/5 - 3/15. Calculate the highest common divisor of j and z.
13
Suppose 53 = 3*t + 14. What is the highest common factor of 13 and t?
13
Suppose -5*r + 140 = b - 11, 2*b - 62 = -2*r. Suppose -1 - 14 = -2*u - j, 5 = -j. Calculate the highest common divisor of u and r.
10
Let c = -23 - -28. Suppose 0 = 4*a - 6 - 14. What is the greatest common factor of a and c?
5
Suppose q + 5*z - 2 = 0, -3*z - z + 6 = 3*q. Suppose q*l - 3048 = -2*l. Let r be l/9 - (-4)/(-6). Calculate the highest common factor of 12 and r.
12
Suppose -4*s = -14 - 2. Let y = -3 - -8. Let q = y - 3. Calculate the greatest common factor of q and s.
2
Suppose -3*j + 66 = -75. Suppose -5*h + 37 = 4*r, 0*h - r - j = -5*h. What is the highest common factor of h and 81?
9
Let p = 22 + -11. Suppose 4*o - g = -0*g + p, 4*o = -g + 5. What is the highest common divisor of o and 22?
2
Let x be 8 - 4*2/4. Let h(t) = -2*t**2 + x + t + t**3 - 2*t - 5*t. Let c be h(4). What is the highest common divisor of c and 126?
14
Let t = 2 - 37. Let c = t - -105. What is the highest common factor of c and 10?
10
Let i(f) = 18*f - 1. Suppose 7*j = 2*c + 2*j - 27, -25 = 5*j. Let t be i(c). What is the greatest common divisor of t and 17?
17
Let i = 9 - 6. Suppose -3*z + 6 = i*t - 0*z, 2*z = 4. Suppose 112 = 4*b - 4*o, t*b + 4*o + 64 = 2*b. What is the highest common divisor of 60 and b?
12
Let v = -12 + 21. Suppose -27 + v = -c. What is the greatest common divisor of 162 and c?
18
Suppose -15 = d - 3*z, 0*d + 25 = -d + 5*z. Suppose -4*l + 170 = 5*k + 57, d = l - 5*k - 22. Calculate the highest common divisor of 27 and l.
27
Let j be 2/(-5) + (-835)/(-25). What is the highest common divisor of j and 11?
11
Let v be 4/6*54/4. Suppose -3*o = -0 - v. What is the greatest common factor of 21 and o?
3
Let q = 5 - 3. Let v = q + 0. Suppose v*p - 3*p + 13 = 0. Calculate the highest common divisor of p and 13.
13
Suppose -8*d = -20 + 4. Let s(o) = 32*o - 9. Let v(z) = -11*z + 3. Let b(y) = 3*s(y) + 8*v(y). Let f be b(d). Calculate the highest common factor of 26 and f.
13
Let q = 6 + -2. Suppose -z - 4*z - c = -165, 2*c = q*z - 146. What is the greatest common factor of 85 and z?
17
Let k(l) = 2*l**3 + 13*l**2 + 2*l - 8. Let g be k(-6). Calculate the greatest common divisor of 40 and g.
8
Suppose 84 = 2*p - 84. Suppose 4*i = -p + 280. What is the highest common divisor of i and 7?
7
Let v = 17 + -28. Let c = v - -8. Let x be (-120)/c - -1*2. Calculate the highest common divisor of 28 and x.
14
Let m be (-364)/(-18) - 8/36. What is the highest common divisor of 8 and m?
4
Suppose 5*x = -5*j - 4 + 9, 0 = -4*j + 3*x + 25. Suppose 7*u = 25*u - 72. What is the greatest common factor of u and j?
4
Let p = -21 + 30. Calculate the highest common divisor of 9 and p.
9
Let o = 5 - -35. What is the highest common factor of 10 and o?
10
Let v be 21/14 - (-2)/4. Let y be 1 - (-3)/(v + -5). Suppose o + a - 43 = y, -a + 55 + 148 = 5*o. What is the greatest common factor of o and 16?
8
Let q(i) = 3*i**2 - 14*i - 1. Let g be q(11). Suppose -4*l - g = -6*l. Calculate the greatest common factor of 13 and l.
13
Let r = 17 + -13. Suppose 3*s - 360 = -r*n, -2*s + 2*n = s - 342. Calculate the greatest common divisor of 29 and s.
29
Suppose -w + 13 = -3*j + 1, -3*j = 2*w - 24. What is the greatest common divisor of w and 48?
12
Let z(b) = -b + 1. Let s be z(-7). Suppose j - 22 = 2*f - 5*f, 5*f = 3*j + 46. Calculate the greatest common divisor of f and s.
8
Let i = 31 - 